posite number?
False
Is 1512901493 prime?
False
Is 1214174281 a prime number?
False
Is 109689141 prime?
False
Is 6169250905 prime?
False
Is 2808271451 a prime number?
True
Is 939128567 a composite number?
True
Is 2372493373 prime?
True
Is 8000271931 prime?
False
Is 1409131247 prime?
True
Is 395068693 prime?
True
Is 28079374859 prime?
False
Is 1336902473 prime?
False
Is 111045359 composite?
True
Is 3589947451 a prime number?
True
Is 6623465467 a prime number?
False
Is 110759219 prime?
False
Is 6863939101 composite?
False
Is 487097531 a prime number?
True
Is 3734503783 a prime number?
False
Is 2042197111 composite?
False
Is 13790330759 prime?
False
Is 93814163 prime?
True
Is 334542056077 a prime number?
False
Is 12098377849 a composite number?
False
Is 126178314069 a composite number?
True
Is 199486307903 prime?
False
Is 80762263 composite?
False
Is 98559138283 a prime number?
True
Is 597209113 a prime number?
False
Is 14541760501 a prime number?
True
Is 209607689 a composite number?
False
Is 596119169 prime?
True
Is 26696780155 a composite number?
True
Is 4538968643 composite?
True
Is 7258768801 a prime number?
False
Is 3343373809 prime?
True
Is 24186037609 a prime number?
True
Is 787520969 a composite number?
True
Is 23852344909 a prime number?
False
Is 5026070099 prime?
True
Is 2361397057 prime?
True
Is 37884095017 a composite number?
True
Is 137728672513 a composite number?
False
Is 19712018443 a composite number?
True
Is 392186803 prime?
False
Is 1095104909 prime?
False
Is 857810167 a prime number?
False
Is 11900075618 a composite number?
True
Is 4319159923 composite?
True
Is 1841183763 a composite number?
True
Is 1790169943 composite?
False
Is 421459609 composite?
True
Is 11664723121 a prime number?
False
Is 90173371 composite?
False
Is 197392301 prime?
False
Is 253239671 prime?
False
Is 8557188931 a composite number?
False
Is 1056941351 prime?
True
Is 32652244531 prime?
True
Is 91289287301 a composite number?
False
Is 26646013331 composite?
True
Is 13311301753 a prime number?
True
Is 611197999 a prime number?
True
Is 34431547 a prime number?
True
Is 16258795079 a composite number?
False
Is 4979893951 a prime number?
True
Is 62813937469 composite?
True
Is 3152357647 a prime number?
True
Is 179257063 prime?
True
Is 1428247033 a prime number?
False
Is 138222553 prime?
False
Is 91568493083 prime?
True
Is 196575961 a composite number?
False
Is 144790237 a prime number?
True
Is 1788514163 composite?
False
Is 7818998383 a prime number?
False
Is 24543710057 a composite number?
True
Is 3807968441 a composite number?
False
Is 3738612083 composite?
True
Is 2474321147 prime?
True
Is 696290213 a composite number?
False
Is 38646681751 a prime number?
False
Is 1448035753 prime?
False
Is 1923305117 a composite number?
False
Is 3268451135 a composite number?
True
Is 1373751553 composite?
False
Is 5383477769 prime?
True
Is 4086439031 prime?
True
Is 76770270167 a prime number?
False
Is 38622099419 prime?
True
Is 506238757 a composite number?
True
Is 32221639777 a prime number?
False
Is 6439889869 composite?
True
Is 240951797 a prime number?
True
Is 371151155 a composite number?
True
Is 18530844649 a composite number?
True
Is 4571348153 a composite number?
False
Is 32271323089 a composite number?
True
Is 114971713 a composite number?
True
Is 2471665831 composite?
True
Is 4584406763 a composite number?
False
Is 26746851601 composite?
True
Is 71251804843 a prime number?
False
Is 980329333 a prime number?
True
Is 2519665349 a prime number?
True
Is 40173758903 composite?
True
Is 20820952921 prime?
True
Is 91496788099 prime?
False
Is 2709535207 composite?
False
Is 5860155491 a composite number?
False
Is 9703259551 composite?
True
Is 37236354241 prime?
False
Is 876342427 prime?
True
Is 114575618071 a composite number?
False
Is 23086055501 a composite number?
True
Is 1334696149 a composite number?
False
Is 1159873493 composite?
False
Is 16540527443 composite?
True
Is 5460542947 a prime number?
False
Is 2661035869 a prime number?
True
Is 10259579501 a prime number?
True
Is 348289847 composite?
False
Is 424232203 prime?
False
Is 1258419551 a composite number?
True
Is 6083789837 a prime number?
True
Is 80327099 composite?
False
Is 21612255989 composite?
False
Is 6142381837 a prime number?
False
Is 3843077473 a composite number?
False
Is 822369641 a composite number?
True
Is 98868310043 a composite number?
True
Is 32188200211 a prime number?
False
Is 10582904027 prime?
True
Is 215170248611 prime?
True
Is 4881005917 prime?
True
Is 694432281781 composite?
True
Is 83336947 a prime number?
False
Is 10820525981 composite?
False
Is 7475661173 a prime number?
False
Is 1480751837 prime?
True
Is 19129361 a prime number?
True
Is 12519841819 composite?
True
Is 245248054093 a composite number?
True
Is 32356109953 a composite number?
False
Is 2487508741 prime?
False
Is 15601517263 a composite number?
True
Is 683589757 a composite number?
False
Is 206607221 composite?
True
Is 9893731885 prime?
False
Is 169851179 composite?
False
Is 55472455837 composite?
False
Is 427583249 prime?
True
Is 668537179 composite?
True
Is 3275528327 a composite number?
False
Is 483797149 prime?
False
Is 28162176193 a composite number?
True
Is 983286197 a prime number?
False
Is 733462577 composite?
True
Is 127712527 a prime number?
False
Is 45682161419 a prime number?
False
Is 836060117 composite?
True
Is 390633722 a prime number?
False
Is 104818221523 composite?
True
Is 802877351 a composite number?
False
Is 496648231 a composite number?
True
Is 270869899 prime?
False
Is 4732639487 prime?
True
Is 98380643 composite?
False
Is 1824328469 a prime number?
True
Is 7417535287 composite?
False
Is 14187925141 composite?
True
Is 2143707197 a prime number?
False
Is 4188816023 prime?
False
Is 1561668403 a composite number?
True
Is 24440542571 composite?
False
Is 1166092549 composite?
False
Is 23596693121 prime?
True
Is 433549057 prime?
False
Is 1163141503 prime?
True
Is 268675817583 composite?
True
Is 13254090671 prime?
True
Is 9108553213 a composite number?
True
Is 4846907243 a prime number?
True
Is 3531110183 composite?
False
Is 2963838727 prime?
True
Is 24249927895 composite?
True
Is 5589497198 a prime number?
False
Is 92257241623 prime?
True
Is 3387784913 composite?
True
Is 85339716277 prime?
True
Is 565833443 a prime number?
False
Is 203247917 composite?
True
Is 417535753 a composite number?
True
Is 875826797 a composite number?
True
Is 11478582277 composite?
False
Is 1136073019 a composite number?
True
Is 29067455717 composite?
True
Is 20762897 composite?
True
Is 31535080579 prime?
True
Is 37967759 a prime number?
True
Is 19839444109 a prime number?
True
Is 157256539901 a composite number?
False
Is 270842508166 composite?
True
Is 170030565127 prime?
False
Is 19071150859 a composite number?
True
Is 7102626029 a prime number?
False
Is 45151165421 a prime number?
True
Is 2728961441 composite?
True
Is 16608106661 a prime number?
False
Is 124329481229 a prime number?
True
Is 866237347 a composite number?
False
Is 701684309 a composite number?
False
Is 6663721367 prime?
False
Is 332430229 a composite number?
False
Is 12958181869 a composite number?
False
Is 1247358187 prime?
False
Is 6170335933 a composite number?
False
Is 233683031 composite?
True
Is 18484364083 composite?
False
Is 18105707626 a composite number?
True
Is 2761494959 composite?
True
Is 8508092711 prime?
True
Is 15645799573 a composite number?
False
Is 44539856771 composite?
True
Is 4333094749 composite?
False
Is 12714152471 prime?
True
Is 84994976363 prime?
False
Is 2420260369 prime?
False
Is 553030981 composite?
True
Is 97924275877 prime?
False
Is 96250147663 prime?
False
Is 3608434507 a composite number?
False
Is 23067493 composite?
False
Is 2999065471 prime?
True
Is 99656071 composite?
False
Is 177142363 prime?
False
Is 2309358833 composite?
False
Is 3960162137 prime?
False
Is 3365682701 a composite number?
False
Is 20945881277 a prime number?
True
Is 845619289 a prime number?
False
Is 1194941861 a prime number?
True
Is 1899492967 prime?
False
Is 1536299717 a prime number?
False
Is 10480532039 composite?
False
Is 254928607 a prime number?
False
Is 23229070313 prime?
True
Is 325276999 prime?
True
Is 384247931 composite?
False
Is 6952281683 com